{"id":41,"date":"2025-02-14T16:43:00","date_gmt":"2025-02-14T15:43:00","guid":{"rendered":"https:\/\/arche-rp.com\/index.php\/front_page\/"},"modified":"2025-05-21T11:35:08","modified_gmt":"2025-05-21T09:35:08","slug":"accueil","status":"publish","type":"page","link":"https:\/\/arche-rp.com\/","title":{"rendered":"Accueil"},"content":{"rendered":"\n\n\n\n\n\n\n\n\n\n\n\n\n\n\n\n","protected":false},"excerpt":{"rendered":"","protected":false},"author":1,"featured_media":174,"parent":0,"menu_order":0,"comment_status":"closed","ping_status":"closed","template":"","meta":{"saved_in_kubio":true,"footnotes":""},"class_list":["post-41","page","type-page","status-publish","has-post-thumbnail","hentry"],"kubio_ai_page_context":{"short_desc":"","purpose":"general"},"yoast_head":"<!-- This site is optimized with the Yoast SEO plugin v27.4 - https:\/\/yoast.com\/product\/yoast-seo-wordpress\/ -->\n<title>Arche Rp : le jeu de r\u00f4le ? C&#039;est la vie.<\/title>\n<meta name=\"description\" content=\"Streamer, auteur, cr\u00e9ateur de jeu de r\u00f4le et concepteur de design. Retrouvez toutes mes activit\u00e9s sur le site Arche Rp.\" \/>\n<meta name=\"robots\" content=\"index, follow, max-snippet:-1, max-image-preview:large, max-video-preview:-1\" \/>\n<link rel=\"canonical\" href=\"https:\/\/arche-rp.com\/\" \/>\n<meta property=\"og:locale\" content=\"en_US\" \/>\n<meta property=\"og:type\" content=\"article\" \/>\n<meta property=\"og:title\" content=\"Arche Rp : le jeu de r\u00f4le ? C&#039;est la vie.\" \/>\n<meta property=\"og:description\" content=\"Streamer, auteur, cr\u00e9ateur de jeu de r\u00f4le et concepteur de design. Retrouvez toutes mes activit\u00e9s sur le site Arche Rp.\" \/>\n<meta property=\"og:url\" content=\"https:\/\/arche-rp.com\/\" \/>\n<meta property=\"og:site_name\" content=\"Arche Rp\" \/>\n<meta property=\"article:modified_time\" content=\"2025-05-21T09:35:08+00:00\" \/>\n<meta property=\"og:image\" content=\"http:\/\/arche-rp.com\/wp-content\/uploads\/2025\/02\/Arche-Rp-Univers-1024x576.png\" \/>\n\t<meta property=\"og:image:width\" content=\"1024\" \/>\n\t<meta property=\"og:image:height\" content=\"576\" \/>\n\t<meta property=\"og:image:type\" content=\"image\/png\" \/>\n<meta name=\"twitter:card\" content=\"summary_large_image\" \/>\n<meta name=\"twitter:label1\" content=\"Est. reading time\" \/>\n\t<meta name=\"twitter:data1\" content=\"4 minutes\" \/>\n<script type=\"application\/ld+json\" class=\"yoast-schema-graph\">{\"@context\":\"https:\\\/\\\/schema.org\",\"@graph\":[{\"@type\":\"WebPage\",\"@id\":\"https:\\\/\\\/arche-rp.com\\\/\",\"url\":\"https:\\\/\\\/arche-rp.com\\\/\",\"name\":\"Arche Rp : le jeu de r\u00f4le ? C'est la vie.\",\"isPartOf\":{\"@id\":\"https:\\\/\\\/arche-rp.com\\\/#website\"},\"primaryImageOfPage\":{\"@id\":\"https:\\\/\\\/arche-rp.com\\\/#primaryimage\"},\"image\":{\"@id\":\"https:\\\/\\\/arche-rp.com\\\/#primaryimage\"},\"thumbnailUrl\":\"https:\\\/\\\/arche-rp.com\\\/wp-content\\\/uploads\\\/2025\\\/02\\\/Arche-Rp-Univers.png\",\"datePublished\":\"2025-02-14T15:43:00+00:00\",\"dateModified\":\"2025-05-21T09:35:08+00:00\",\"description\":\"Streamer, auteur, cr\u00e9ateur de jeu de r\u00f4le et concepteur de design. Retrouvez toutes mes activit\u00e9s sur le site Arche Rp.\",\"breadcrumb\":{\"@id\":\"https:\\\/\\\/arche-rp.com\\\/#breadcrumb\"},\"inLanguage\":\"en-US\",\"potentialAction\":[{\"@type\":\"ReadAction\",\"target\":[\"https:\\\/\\\/arche-rp.com\\\/\"]}]},{\"@type\":\"ImageObject\",\"inLanguage\":\"en-US\",\"@id\":\"https:\\\/\\\/arche-rp.com\\\/#primaryimage\",\"url\":\"https:\\\/\\\/arche-rp.com\\\/wp-content\\\/uploads\\\/2025\\\/02\\\/Arche-Rp-Univers.png\",\"contentUrl\":\"https:\\\/\\\/arche-rp.com\\\/wp-content\\\/uploads\\\/2025\\\/02\\\/Arche-Rp-Univers.png\",\"width\":1920,\"height\":1080},{\"@type\":\"BreadcrumbList\",\"@id\":\"https:\\\/\\\/arche-rp.com\\\/#breadcrumb\",\"itemListElement\":[{\"@type\":\"ListItem\",\"position\":1,\"name\":\"Accueil\",\"item\":\"https:\\\/\\\/arche-rp.com\\\/\"},{\"@type\":\"ListItem\",\"position\":2,\"name\":\"Accueil\"}]},{\"@type\":\"WebSite\",\"@id\":\"https:\\\/\\\/arche-rp.com\\\/#website\",\"url\":\"https:\\\/\\\/arche-rp.com\\\/\",\"name\":\"Arche Rp\",\"description\":\"Un site utilisant WordPress\",\"potentialAction\":[{\"@type\":\"SearchAction\",\"target\":{\"@type\":\"EntryPoint\",\"urlTemplate\":\"https:\\\/\\\/arche-rp.com\\\/?s={search_term_string}\"},\"query-input\":{\"@type\":\"PropertyValueSpecification\",\"valueRequired\":true,\"valueName\":\"search_term_string\"}}],\"inLanguage\":\"en-US\"}]}<\/script>\n<!-- \/ Yoast SEO plugin. -->","yoast_head_json":{"title":"Arche Rp : le jeu de r\u00f4le ? C'est la vie.","description":"Streamer, auteur, cr\u00e9ateur de jeu de r\u00f4le et concepteur de design. Retrouvez toutes mes activit\u00e9s sur le site Arche Rp.","robots":{"index":"index","follow":"follow","max-snippet":"max-snippet:-1","max-image-preview":"max-image-preview:large","max-video-preview":"max-video-preview:-1"},"canonical":"https:\/\/arche-rp.com\/","og_locale":"en_US","og_type":"article","og_title":"Arche Rp : le jeu de r\u00f4le ? C'est la vie.","og_description":"Streamer, auteur, cr\u00e9ateur de jeu de r\u00f4le et concepteur de design. Retrouvez toutes mes activit\u00e9s sur le site Arche Rp.","og_url":"https:\/\/arche-rp.com\/","og_site_name":"Arche Rp","article_modified_time":"2025-05-21T09:35:08+00:00","og_image":[{"width":1024,"height":576,"url":"http:\/\/arche-rp.com\/wp-content\/uploads\/2025\/02\/Arche-Rp-Univers-1024x576.png","type":"image\/png"}],"twitter_card":"summary_large_image","twitter_misc":{"Est. reading time":"4 minutes"},"schema":{"@context":"https:\/\/schema.org","@graph":[{"@type":"WebPage","@id":"https:\/\/arche-rp.com\/","url":"https:\/\/arche-rp.com\/","name":"Arche Rp : le jeu de r\u00f4le ? C'est la vie.","isPartOf":{"@id":"https:\/\/arche-rp.com\/#website"},"primaryImageOfPage":{"@id":"https:\/\/arche-rp.com\/#primaryimage"},"image":{"@id":"https:\/\/arche-rp.com\/#primaryimage"},"thumbnailUrl":"https:\/\/arche-rp.com\/wp-content\/uploads\/2025\/02\/Arche-Rp-Univers.png","datePublished":"2025-02-14T15:43:00+00:00","dateModified":"2025-05-21T09:35:08+00:00","description":"Streamer, auteur, cr\u00e9ateur de jeu de r\u00f4le et concepteur de design. Retrouvez toutes mes activit\u00e9s sur le site Arche Rp.","breadcrumb":{"@id":"https:\/\/arche-rp.com\/#breadcrumb"},"inLanguage":"en-US","potentialAction":[{"@type":"ReadAction","target":["https:\/\/arche-rp.com\/"]}]},{"@type":"ImageObject","inLanguage":"en-US","@id":"https:\/\/arche-rp.com\/#primaryimage","url":"https:\/\/arche-rp.com\/wp-content\/uploads\/2025\/02\/Arche-Rp-Univers.png","contentUrl":"https:\/\/arche-rp.com\/wp-content\/uploads\/2025\/02\/Arche-Rp-Univers.png","width":1920,"height":1080},{"@type":"BreadcrumbList","@id":"https:\/\/arche-rp.com\/#breadcrumb","itemListElement":[{"@type":"ListItem","position":1,"name":"Accueil","item":"https:\/\/arche-rp.com\/"},{"@type":"ListItem","position":2,"name":"Accueil"}]},{"@type":"WebSite","@id":"https:\/\/arche-rp.com\/#website","url":"https:\/\/arche-rp.com\/","name":"Arche Rp","description":"Un site utilisant WordPress","potentialAction":[{"@type":"SearchAction","target":{"@type":"EntryPoint","urlTemplate":"https:\/\/arche-rp.com\/?s={search_term_string}"},"query-input":{"@type":"PropertyValueSpecification","valueRequired":true,"valueName":"search_term_string"}}],"inLanguage":"en-US"}]}},"_links":{"self":[{"href":"https:\/\/arche-rp.com\/index.php\/wp-json\/wp\/v2\/pages\/41","targetHints":{"allow":["GET"]}}],"collection":[{"href":"https:\/\/arche-rp.com\/index.php\/wp-json\/wp\/v2\/pages"}],"about":[{"href":"https:\/\/arche-rp.com\/index.php\/wp-json\/wp\/v2\/types\/page"}],"author":[{"embeddable":true,"href":"https:\/\/arche-rp.com\/index.php\/wp-json\/wp\/v2\/users\/1"}],"replies":[{"embeddable":true,"href":"https:\/\/arche-rp.com\/index.php\/wp-json\/wp\/v2\/comments?post=41"}],"version-history":[{"count":21,"href":"https:\/\/arche-rp.com\/index.php\/wp-json\/wp\/v2\/pages\/41\/revisions"}],"predecessor-version":[{"id":572,"href":"https:\/\/arche-rp.com\/index.php\/wp-json\/wp\/v2\/pages\/41\/revisions\/572"}],"wp:featuredmedia":[{"embeddable":true,"href":"https:\/\/arche-rp.com\/index.php\/wp-json\/wp\/v2\/media\/174"}],"wp:attachment":[{"href":"https:\/\/arche-rp.com\/index.php\/wp-json\/wp\/v2\/media?parent=41"}],"curies":[{"name":"wp","href":"https:\/\/api.w.org\/{rel}","templated":true}]}}